t is the tens digit of 12816?
1
What is the hundreds digit of 1175?
1
What is the units digit of 10250?
0
What is the tens digit of 2339?
3
What is the tens digit of 2282?
8
What is the hundreds digit of 1700?
7
What is the units digit of 6580?
0
What is the thousands digit of 165557?
5
What is the units digit of 8586?
6
What is the hundreds digit of 1024?
0
What is the units digit of 5666?
6
What is the tens digit of 4425?
2
What is the hundreds digit of 17541?
5
What is the hundreds digit of 5696?
6
What is the hundreds digit of 511?
5
What is the ten thousands digit of 21983?
2
What is the tens digit of 9132?
3
What is the hundreds digit of 2043?
0
What is the tens digit of 5654?
5
What is the tens digit of 1183?
8
What is the tens digit of 3673?
7
What is the units digit of 11844?
4
What is the units digit of 166?
6
What is the units digit of 4422?
2
What is the units digit of 23?
3
What is the hundreds digit of 2051?
0
What is the ten thousands digit of 13642?
1
What is the thousands digit of 21196?
1
What is the hundreds digit of 17830?
8
What is the hundreds digit of 8800?
8
What is the thousands digit of 29031?
9
What is the ten thousands digit of 45282?
4
What is the tens digit of 3128?
2
What is the hundreds digit of 137485?
4
What is the hundreds digit of 16076?
0
What is the hundreds digit of 35507?
5
What is the units digit of 1787?
7
What is the ten thousands digit of 19694?
1
What is the thousands digit of 1979?
1
What is the thousands digit of 1170?
1
What is the tens digit of 3422?
2
What is the hundreds digit of 1516?
5
What is the units digit of 41196?
6
What is the tens digit of 126?
2
What is the tens digit of 9393?
9
What is the units digit of 34463?
3
What is the tens digit of 3454?
5
What is the units digit of 726?
6
What is the tens digit of 9229?
2
What is the tens digit of 1271?
7
What is the tens digit of 2388?
8
What is the units digit of 5264?
4
What is the tens digit of 20492?
9
What is the hundreds digit of 11311?
3
What is the hundreds digit of 3848?
8
What is the thousands digit of 3024?
3
What is the tens digit of 3054?
5
What is the units digit of 2351?
1
What is the units digit of 4923?
3
What is the thousands digit of 7924?
7
What is the tens digit of 38244?
4
What is the tens digit of 12816?
1
What is the units digit of 10719?
9
What is the hundreds digit of 22873?
8
What is the units digit of 283?
3
What is the tens digit of 61367?
6
What is the tens digit of 216?
1
What is the tens digit of 1992?
9
What is the tens digit of 94?
9
What is the tens digit of 58446?
4
What is the tens digit of 7617?
1
What is the hundreds digit of 956?
9
What is the ten thousands digit of 126911?
2
What is the hundreds digit of 1040?
0
What is the thousands digit of 32527?
2
What is the tens digit of 224?
2
What is the hundreds digit of 9853?
8
What is the units digit of 763?
3
What is the thousands digit of 9122?
9
What is the units digit of 596?
6
What is the units digit of 7193?
3
What is the hundreds digit of 61335?
3
What is the hundreds digit of 145193?
1
What is the thousands digit of 2126?
2
What is the hundreds digit of 21836?
8
What is the hundreds digit of 193?
1
What is the units digit of 722?
2
What is the units digit of 23377?
7
What is the hundreds digit of 5174?
1
What is the tens digit of 2031?
3
What is the thousands digit of 3823?
3
What is the tens digit of 1146?
4
What is the thousands digit of 53698?
3
What is the hundreds digit of 19964?
9
What is the thousands digit of 29124?
9
What is the hundreds digit of 6670?
6
What is the units digit of 301?
1
What is the units digit of 888?
8
What is the thousands digit of 3379?
3
What is the tens digit of 57266?
6
What is the thousands digit of 11329?
1
What is the units digit of 643?
3
What is the units digit of 11182?
2
What is the thousands digit of 28921?
8
What is the thousands digit of 76505?
6
What is the hundreds digit of 1658?
6
What is the tens digit of 3055?
5
What is the hundreds digit of 509?
5
What is the thousands digit of 1282?
1
What is the units digit of 6360?
0
What is the units digit of 35571?
1
What is the tens digit of 5283?
8
What is the thousands digit of 6396?
6
What is the thousands digit of 4564?
4
What is the hundreds digit of 4594?
5
What is the ten thousands digit of 31388?
3
What is the hundreds digit of 1245?
2
What is the thousands digit of 7005?
7
What is the tens digit of 2152?
5
What is the ten thousands digit of 40075?
4
What is the units digit of 12905?
5
What is the thousands digit of 10455?
0
What is the hundreds digit of 70932?
9
What is the thousands digit of 83324?
3
What is the units digit of 59043?
3
What is the units digit of 672?
2
What is the units digit of 4992?
2
What is the hundreds digit of 1130?
1
What is the thousands digit of 28525?
8
What is the thousands digit of 1515?
1
What is the hundreds digit of 33336?
3
What is the hundreds digit of 679?
6
What is the units digit of 16322?
2
What is the tens digit of 5874?
7
What is the tens digit of 25144?
4
What is the hundreds digit of 13756?
7
What is the hundreds digit of 74982?
9
What is the thousands digit of 7794?
7
What is the hundreds digit of 61493?
4
What is the tens digit of 3616?
1
What is the ten thousands digit of 29009?
2
What is the units digit of 2031?
1
What is the units digit of 309?
9
What is the hundreds digit of 30183?
1
What is the hundreds digit of 895?
8
What is the tens digit of 2014?
1
What is the units digit of 1056?
6
What is the units digit of 2875?
5
What is the hundreds digit of 7387?
3
What is the units digit of 48450?
0
What is the units digit of 1299?
9
What is the hundreds digit of 1002?
0
What is the thousands digit of 26970?
6
What is the thousands digit of 5816?
5
What is the tens digit of 475?
7
What is the hundreds digit of 6654?
6
What is the thousands digit of 12476?
2
What is the units digit of 723?
3
What is the tens digit of 1865?
6
What is the ten thousands digit of 27131?
2
What is the hundreds digit of 915?
9
What is the thousands digit of 1960?
1
What is the units digit of 66944?
4
What is the thousands digit of 154711?
4
What is the ten thousands digit of 10618?
1
What is the hundreds digit of 23742?
7
What is the tens digit of 2018?
1
What is the thousands digit of 2214?
2
What is the tens digit of 9518?
1
What is the units digit of 61118?
8
What is the hundreds digit of 14121?
1
What is the ten thousands digit of 32400?
3
What is the tens digit of 870?
7
What is the units digit of 3695?
5
What is the hundreds digit of 508?
5
What is the tens digit of 15783?
8
What is the hundreds digit of 938?
9
What is the units digit of 33276?
6
What is the hundreds digit of 8169?
1
What is the hundreds digit of 53263?
2
What is the tens digit of 134?
3
What is the ten thousands digit of 12080?
1
What is the units digit of 2840?
0
What is the hundreds digit of 1738?
7
What is the tens digit of 799?
9
What is the tens digit of 3007?
0
What is the tens digit of 11812?
1
What is the units digit of 1718?
8
What is the units digit of 7222?
2
What is the units digit of 108?
8
What is the thousands digit of 13088?
3
What is the thousands digit of 3955?
3
What is the hundreds digit of 1144?
1
What is the thousands digit of 1847?
1
What is the tens digit of 9190?
9
What is the thousands digit of 2130?
2
What is the units digit of 436?
6
What is the thousands digit of 18995?
8
What is the units digit of 406?
6
What is the units digit of 6025?
5
What is the tens digit of 41162?
6
What is the ten thousands digit of 10489?
1
What is the tens digit of 3606?
0
What is the units digit of 1238?
8
What is the tens digit of 624?
2
What is the units digit of 15380?
0
What is the units digit of 1905?
5
What is the hundreds digit of 1148?
1
What is the tens digit of 1964?
6
What is the tens digit of 824?
2
What is the ten thousands digit of 98203?
9
What is the thousands digit of 5429?
5
What is the thousands digit of 38417?
8
What is the hundreds digit of 66387?
3
What is the hundreds digit of 924?
9
What is the thousands digit of 24898?
4
What is the units digit of 485?
5
What is the hundred thousands digit of 137942?
1
What is the units digit of 1146?
6
What is the thousands digit of 14533?
4
What is the units digit of 76502?
2
What is the